{"id":904,"date":"2020-06-21T19:47:26","date_gmt":"2020-06-21T17:47:26","guid":{"rendered":"http:\/\/med-orto.pl\/?page_id=904"},"modified":"2020-06-28T09:24:22","modified_gmt":"2020-06-28T07:24:22","slug":"pojemnik-tulipan","status":"publish","type":"page","link":"https:\/\/med-orto.pl\/?page_id=904","title":{"rendered":"Pojemnik &#8222;Tulipan&#8221;"},"content":{"rendered":"\t\t<div data-elementor-type=\"wp-page\" data-elementor-id=\"904\" class=\"elementor elementor-904\">\n\t\t\t\t\t\t<section class=\"elementor-section elementor-top-section elementor-element elementor-element-318beea9 elementor-section-boxed elementor-section-height-default elementor-section-height-default\" data-id=\"318beea9\" data-element_type=\"section\">\n\t\t\t\t\t\t<div class=\"elementor-container elementor-column-gap-default\">\n\t\t\t\t\t<div class=\"elementor-column elementor-col-100 elementor-top-column elementor-element elementor-element-9133c14\" data-id=\"9133c14\" data-element_type=\"column\">\n\t\t\t<div class=\"elementor-widget-wrap elementor-element-populated\">\n\t\t\t\t\t\t<div class=\"elementor-element elementor-element-3aa015d2 elementor-widget elementor-widget-image\" data-id=\"3aa015d2\" data-element_type=\"widget\" data-widget_type=\"image.default\">\n\t\t\t\t<div class=\"elementor-widget-container\">\n\t\t\t\t\t\t\t\t\t\t\t\t\t\t\t\t<a href=\"http:\/\/med-orto.pl\/wp-content\/uploads\/2020\/06\/Pojemnik-Tulipan.jpg\" data-elementor-open-lightbox=\"yes\" data-elementor-lightbox-title=\"Pojemnik Tulipan\" data-e-action-hash=\"#elementor-action%3Aaction%3Dlightbox%26settings%3DeyJpZCI6OTg5LCJ1cmwiOiJodHRwczpcL1wvbWVkLW9ydG8ucGxcL3dwLWNvbnRlbnRcL3VwbG9hZHNcLzIwMjBcLzA2XC9Qb2plbW5pay1UdWxpcGFuLmpwZyJ9\">\n\t\t\t\t\t\t\t<img fetchpriority=\"high\" decoding=\"async\" width=\"300\" height=\"225\" src=\"https:\/\/med-orto.pl\/wp-content\/uploads\/2020\/06\/Pojemnik-Tulipan-300x225.jpg\" class=\"attachment-medium size-medium wp-image-989\" alt=\"Pojemnik &quot;Tulipan&quot;\" \/>\t\t\t\t\t\t\t\t<\/a>\n\t\t\t\t\t\t\t\t\t\t\t\t\t\t\t<\/div>\n\t\t\t\t<\/div>\n\t\t\t\t\t<\/div>\n\t\t<\/div>\n\t\t\t\t\t<\/div>\n\t\t<\/section>\n\t\t\t\t<section class=\"elementor-section elementor-top-section elementor-element elementor-element-567578a1 elementor-section-boxed elementor-section-height-default elementor-section-height-default\" data-id=\"567578a1\" data-element_type=\"section\">\n\t\t\t\t\t\t<div class=\"elementor-container elementor-column-gap-default\">\n\t\t\t\t\t<div class=\"elementor-column elementor-col-100 elementor-top-column elementor-element elementor-element-673f0521\" data-id=\"673f0521\" data-element_type=\"column\">\n\t\t\t<div class=\"elementor-widget-wrap elementor-element-populated\">\n\t\t\t\t\t\t<div class=\"elementor-element elementor-element-2fb1f84 elementor-widget elementor-widget-text-editor\" data-id=\"2fb1f84\" data-element_type=\"widget\" data-widget_type=\"text-editor.default\">\n\t\t\t\t<div class=\"elementor-widget-container\">\n\t\t\t\t\t\t\t\t\t<p>Przeznaczony do stosowania w jednostkach s\u0142u\u017cby zdrowia do dobowej zbi\u00f3rki moczu.<\/p><ul><li>wyposa\u017cony w przykrywk\u0119 zapobiegaj\u0105c\u0105 wylewaniu si\u0119 cieczy<\/li><li>\u0142atwy i wygodny w u\u017cyciu<\/li><li>wykonany z polietylenu<\/li><li>\u0142atwy do utrzymania w czysto\u015bci<\/li><li>mo\u017ce by\u0107 sterylizowany na zimno, termicznie w atmosferze suchego powietrza o temp. 130 \u00b0C oraz w autoklawie w atmosferze spr\u0119\u017conej pary wodnej w temp. 126 \u00b0C<\/li><\/ul><p>Dane techniczne<\/p><table width=\"0\"><tbody><tr><td><p>Pojemno\u015b\u0107<\/p><\/td><td><p><strong>2500 ml<\/strong><\/p><\/td><\/tr><tr><td><p>Wymiary<\/p><\/td><td><p><strong>31 x 12 x 11<\/strong><\/p><\/td><\/tr><\/tbody><\/table>\t\t\t\t\t\t\t\t<\/div>\n\t\t\t\t<\/div>\n\t\t\t\t\t<\/div>\n\t\t<\/div>\n\t\t\t\t\t<\/div>\n\t\t<\/section>\n\t\t\t\t<section class=\"elementor-section elementor-top-section elementor-element elementor-element-22dc87ad elementor-section-boxed elementor-section-height-default elementor-section-height-default\" data-id=\"22dc87ad\" data-element_type=\"section\">\n\t\t\t\t\t\t<div class=\"elementor-container elementor-column-gap-default\">\n\t\t\t\t\t<div class=\"elementor-column elementor-col-100 elementor-top-column elementor-element elementor-element-7468680b\" data-id=\"7468680b\" data-element_type=\"column\">\n\t\t\t<div class=\"elementor-widget-wrap elementor-element-populated\">\n\t\t\t\t\t\t<div class=\"elementor-element elementor-element-4e84c91a elementor-widget elementor-widget-spacer\" data-id=\"4e84c91a\" data-element_type=\"widget\" data-widget_type=\"spacer.default\">\n\t\t\t\t<div class=\"elementor-widget-container\">\n\t\t\t\t\t\t\t<div class=\"elementor-spacer\">\n\t\t\t<div class=\"elementor-spacer-inner\"><\/div>\n\t\t<\/div>\n\t\t\t\t\t\t<\/div>\n\t\t\t\t<\/div>\n\t\t\t\t\t<\/div>\n\t\t<\/div>\n\t\t\t\t\t<\/div>\n\t\t<\/section>\n\t\t\t\t<section class=\"elementor-section elementor-top-section elementor-element elementor-element-227f8909 elementor-section-boxed elementor-section-height-default elementor-section-height-default\" data-id=\"227f8909\" data-element_type=\"section\">\n\t\t\t\t\t\t<div class=\"elementor-container elementor-column-gap-default\">\n\t\t\t\t\t<div class=\"elementor-column elementor-col-100 elementor-top-column elementor-element elementor-element-e7df5c6\" data-id=\"e7df5c6\" data-element_type=\"column\">\n\t\t\t<div class=\"elementor-widget-wrap elementor-element-populated\">\n\t\t\t\t\t\t\t<\/div>\n\t\t<\/div>\n\t\t\t\t\t<\/div>\n\t\t<\/section>\n\t\t\t\t<\/div>\n\t\t","protected":false},"excerpt":{"rendered":"<p>Przeznaczony do stosowania w jednostkach s\u0142u\u017cby zdrowia do dobowej zbi\u00f3rki moczu. wyposa\u017cony w przykrywk\u0119 zapobiegaj\u0105c\u0105 wylewaniu si\u0119 cieczy \u0142atwy i wygodny w u\u017cyciu wykonany z polietylenu \u0142atwy do utrzymania w czysto\u015bci mo\u017ce by\u0107 sterylizowany na zimno, termicznie w atmosferze suchego powietrza o temp. 130 \u00b0C oraz w autoklawie w atmosferze spr\u0119\u017conej pary wodnej w temp. 126 \u00b0C Dane techniczne Pojemno\u015b\u0107 2500 ml Wymiary 31 x 12 x 11<\/p>\n","protected":false},"author":1,"featured_media":0,"parent":59,"menu_order":0,"comment_status":"closed","ping_status":"closed","template":"","meta":{"footnotes":""},"class_list":["post-904","page","type-page","status-publish","hentry"],"_links":{"self":[{"href":"https:\/\/med-orto.pl\/index.php?rest_route=\/wp\/v2\/pages\/904","targetHints":{"allow":["GET"]}}],"collection":[{"href":"https:\/\/med-orto.pl\/index.php?rest_route=\/wp\/v2\/pages"}],"about":[{"href":"https:\/\/med-orto.pl\/index.php?rest_route=\/wp\/v2\/types\/page"}],"author":[{"embeddable":true,"href":"https:\/\/med-orto.pl\/index.php?rest_route=\/wp\/v2\/users\/1"}],"replies":[{"embeddable":true,"href":"https:\/\/med-orto.pl\/index.php?rest_route=%2Fwp%2Fv2%2Fcomments&post=904"}],"version-history":[{"count":2,"href":"https:\/\/med-orto.pl\/index.php?rest_route=\/wp\/v2\/pages\/904\/revisions"}],"predecessor-version":[{"id":1045,"href":"https:\/\/med-orto.pl\/index.php?rest_route=\/wp\/v2\/pages\/904\/revisions\/1045"}],"up":[{"embeddable":true,"href":"https:\/\/med-orto.pl\/index.php?rest_route=\/wp\/v2\/pages\/59"}],"wp:attachment":[{"href":"https:\/\/med-orto.pl\/index.php?rest_route=%2Fwp%2Fv2%2Fmedia&parent=904"}],"curies":[{"name":"wp","href":"https:\/\/api.w.org\/{rel}","templated":true}]}}