{"id":9,"date":"2020-05-17T09:41:21","date_gmt":"2020-05-17T07:41:21","guid":{"rendered":"http:\/\/serwer1460789.home.pl\/home\/medorto\/domains\/med-orto.pl\/public_html\/?page_id=9"},"modified":"2023-01-09T18:22:02","modified_gmt":"2023-01-09T17:22:02","slug":"strona-glowna","status":"publish","type":"page","link":"https:\/\/med-orto.pl\/","title":{"rendered":"Sklep rehabilitacyjny Med-Orto"},"content":{"rendered":"\t\t<div data-elementor-type=\"wp-page\" data-elementor-id=\"9\" class=\"elementor elementor-9\">\n\t\t\t\t\t\t<section class=\"elementor-section elementor-top-section elementor-element elementor-element-0578363 elementor-section-boxed elementor-section-height-default elementor-section-height-default\" data-id=\"0578363\" data-element_type=\"section\">\n\t\t\t\t\t\t<div class=\"elementor-container elementor-column-gap-default\">\n\t\t\t\t\t<div class=\"elementor-column elementor-col-100 elementor-top-column elementor-element elementor-element-d2ee4c9 elementor-hidden-phone\" data-id=\"d2ee4c9\" data-element_type=\"column\">\n\t\t\t<div class=\"elementor-widget-wrap elementor-element-populated\">\n\t\t\t\t\t\t<div class=\"elementor-element elementor-element-ee72102 elementor-hidden-tablet elementor-invisible elementor-widget elementor-widget-image\" data-id=\"ee72102\" data-element_type=\"widget\" data-settings=\"{&quot;_animation&quot;:&quot;fadeIn&quot;}\" data-widget_type=\"image.default\">\n\t\t\t\t<div class=\"elementor-widget-container\">\n\t\t\t\t\t\t\t\t\t\t\t\t\t\t\t<img fetchpriority=\"high\" decoding=\"async\" width=\"514\" height=\"101\" src=\"https:\/\/med-orto.pl\/wp-content\/uploads\/2020\/06\/med-orto-removebg-preview-e1609178357766.png\" class=\"attachment-medium_large size-medium_large wp-image-232\" alt=\"Sklep Rehabilitacyjno Medyczny Med-Orto\" \/>\t\t\t\t\t\t\t\t\t\t\t\t\t\t\t<\/div>\n\t\t\t\t<\/div>\n\t\t\t\t\t<\/div>\n\t\t<\/div>\n\t\t\t\t\t<\/div>\n\t\t<\/section>\n\t\t\t\t<section class=\"elementor-section elementor-top-section elementor-element elementor-element-b551581 elementor-section-boxed elementor-section-height-default elementor-section-height-default\" data-id=\"b551581\" data-element_type=\"section\">\n\t\t\t\t\t\t<div class=\"elementor-container elementor-column-gap-default\">\n\t\t\t\t\t<div class=\"elementor-column elementor-col-100 elementor-top-column elementor-element elementor-element-4ffb678\" data-id=\"4ffb678\" data-element_type=\"column\" data-settings=\"{&quot;background_background&quot;:&quot;gradient&quot;}\">\n\t\t\t<div class=\"elementor-widget-wrap elementor-element-populated\">\n\t\t\t\t\t\t<div class=\"elementor-element elementor-element-1c1742a elementor-widget elementor-widget-heading\" data-id=\"1c1742a\" data-element_type=\"widget\" data-widget_type=\"heading.default\">\n\t\t\t\t<div class=\"elementor-widget-container\">\n\t\t\t\t\t<h2 class=\"elementor-heading-title elementor-size-default\">Sklep Rehabilitacyjny<\/h2>\t\t\t\t<\/div>\n\t\t\t\t<\/div>\n\t\t\t\t\t<\/div>\n\t\t<\/div>\n\t\t\t\t\t<\/div>\n\t\t<\/section>\n\t\t\t\t<section class=\"elementor-section elementor-top-section elementor-element elementor-element-7eb5707 elementor-section-boxed elementor-section-height-default elementor-section-height-default\" data-id=\"7eb5707\" data-element_type=\"section\">\n\t\t\t\t\t\t<div class=\"elementor-container elementor-column-gap-default\">\n\t\t\t\t\t<div class=\"elementor-column elementor-col-100 elementor-top-column elementor-element elementor-element-422088d\" data-id=\"422088d\" data-element_type=\"column\" data-settings=\"{&quot;background_background&quot;:&quot;gradient&quot;}\">\n\t\t\t<div class=\"elementor-widget-wrap elementor-element-populated\">\n\t\t\t\t\t\t<div class=\"elementor-element elementor-element-dac6b0b elementor-widget elementor-widget-heading\" data-id=\"dac6b0b\" data-element_type=\"widget\" data-widget_type=\"heading.default\">\n\t\t\t\t<div class=\"elementor-widget-container\">\n\t\t\t\t\t<h2 class=\"elementor-heading-title elementor-size-default\"><b>Warszawa    \u015ar\u00f3dmie\u015bcie    Ursyn\u00f3w <\/b><br><\/h2>\t\t\t\t<\/div>\n\t\t\t\t<\/div>\n\t\t\t\t\t<\/div>\n\t\t<\/div>\n\t\t\t\t\t<\/div>\n\t\t<\/section>\n\t\t\t\t<section class=\"elementor-section elementor-top-section elementor-element elementor-element-f6115c4 elementor-section-boxed elementor-section-height-default elementor-section-height-default\" data-id=\"f6115c4\" data-element_type=\"section\">\n\t\t\t\t\t\t<div class=\"elementor-container elementor-column-gap-default\">\n\t\t\t\t\t<div class=\"elementor-column elementor-col-100 elementor-top-column elementor-element elementor-element-e3b26e0\" data-id=\"e3b26e0\" data-element_type=\"column\">\n\t\t\t<div class=\"elementor-widget-wrap\">\n\t\t\t\t\t\t\t<\/div>\n\t\t<\/div>\n\t\t\t\t\t<\/div>\n\t\t<\/section>\n\t\t\t\t<section class=\"elementor-section elementor-top-section elementor-element elementor-element-9f96e85 elementor-section-boxed elementor-section-height-default elementor-section-height-default\" data-id=\"9f96e85\" data-element_type=\"section\">\n\t\t\t\t\t\t<div class=\"elementor-container elementor-column-gap-default\">\n\t\t\t\t\t<div class=\"elementor-column elementor-col-50 elementor-top-column elementor-element elementor-element-76c3ff6\" data-id=\"76c3ff6\" data-element_type=\"column\">\n\t\t\t<div class=\"elementor-widget-wrap elementor-element-populated\">\n\t\t\t\t\t\t<div class=\"elementor-element elementor-element-fb4d95b elementor-widget elementor-widget-text-editor\" data-id=\"fb4d95b\" data-element_type=\"widget\" data-widget_type=\"text-editor.default\">\n\t\t\t\t<div class=\"elementor-widget-container\">\n\t\t\t\t\t\t\t\t\t<h5><span id=\"cch_fb678f8ae34c1\" class=\"_mh6 _wsc\"><span class=\"_3oh- _58nk\">Sklep rehabilitacyjno medyczny Med-Orto mie\u015bci si\u0119 w Warszawie na Ursynowie tu\u017c przy samej stacji metra Stok\u0142osy a tak\u017ce od niedawana na \u015ar\u00f3dmie\u015bciu.&nbsp;<\/span><\/span><span id=\"cch_fb678f8ae34c1\" class=\"_mh6 _wsc\"><\/span><span id=\"cch_fb678f8ae34c1\" class=\"_mh6 _wsc\"><span class=\"_3oh- _58nk\">Posiadamy szeroki wyb\u00f3r sprz\u0119tu rehabilitacyjnego, pomocniczego oraz ortopedycznego mi\u0119dzy innymi: <\/span><\/span>Ortezy ko\u0144czyny g\u00f3rnej i dolnej, pasy na kr\u0119gos\u0142up, w\u00f3zki, <a href=\"https:\/\/med-orto.pl\/?page_id=24\" target=\"_blank\" rel=\"noopener\">balkoniki<\/a>, ale r\u00f3wnie\u017c zaopatrzenie w wyroby takie jak pieluchomajtki, cewniki, stomia oraz wiele innego sprz\u0119tu.&nbsp;<span id=\"cch_fb678f8ae34c1\" class=\"_mh6 _wsc\"><\/span><span id=\"cch_fb678f8ae34c1\" class=\"_mh6 _wsc\"><\/span><\/h5>\n<h5><span id=\"cch_fb678f8ae34c1\" class=\"_mh6 _wsc\"><span class=\"_3oh- _58nk\">Posiadamy umow\u0119 z NFZ na refundacj\u0119 oferowanego zaopatrzenia. Jeste\u015bmy wykwalifikowanym personelem z wieloletnim do\u015bwiadczeniem w tej bran\u017cy. Staramy si\u0119 w mo\u017cliwie jak najlepszy spos\u00f3b pom\u00f3c, doradzi\u0107 oraz dobra\u0107 odpowiedni sprz\u0119t rehabilitacyjny.<br><\/span><\/span><\/h5>\n<p><span id=\"cch_fb678f8ae34c1\" class=\"_mh6 _wsc\"><span class=\"_3oh- _58nk\">&nbsp;<\/span><\/span><\/p>\n<p>6<\/p>\t\t\t\t\t\t\t\t<\/div>\n\t\t\t\t<\/div>\n\t\t\t\t\t<\/div>\n\t\t<\/div>\n\t\t\t\t<div class=\"elementor-column elementor-col-50 elementor-top-column elementor-element elementor-element-c651863 elementor-hidden-mobile\" data-id=\"c651863\" data-element_type=\"column\">\n\t\t\t<div class=\"elementor-widget-wrap elementor-element-populated\">\n\t\t\t\t\t\t<div class=\"elementor-element elementor-element-379da91 elementor-widget elementor-widget-image\" data-id=\"379da91\" data-element_type=\"widget\" data-widget_type=\"image.default\">\n\t\t\t\t<div class=\"elementor-widget-container\">\n\t\t\t\t\t\t\t\t\t\t\t\t\t\t\t<img decoding=\"async\" width=\"640\" height=\"481\" src=\"https:\/\/med-orto.pl\/wp-content\/uploads\/2025\/06\/FB_IMG_1749145563890-768x577.jpg\" class=\"attachment-medium_large size-medium_large wp-image-3053\" alt=\"\" \/>\t\t\t\t\t\t\t\t\t\t\t\t\t\t\t<\/div>\n\t\t\t\t<\/div>\n\t\t\t\t\t<\/div>\n\t\t<\/div>\n\t\t\t\t\t<\/div>\n\t\t<\/section>\n\t\t\t\t<section class=\"elementor-section elementor-top-section elementor-element elementor-element-0b792e4 elementor-section-boxed elementor-section-height-default elementor-section-height-default\" data-id=\"0b792e4\" data-element_type=\"section\">\n\t\t\t\t\t\t<div class=\"elementor-container elementor-column-gap-default\">\n\t\t\t\t\t<div class=\"elementor-column elementor-col-100 elementor-top-column elementor-element elementor-element-6bb025b\" data-id=\"6bb025b\" data-element_type=\"column\">\n\t\t\t<div class=\"elementor-widget-wrap elementor-element-populated\">\n\t\t\t\t\t\t<div class=\"elementor-element elementor-element-ee5d90e elementor-widget elementor-widget-heading\" data-id=\"ee5d90e\" data-element_type=\"widget\" data-widget_type=\"heading.default\">\n\t\t\t\t<div class=\"elementor-widget-container\">\n\t\t\t\t\t<h2 class=\"elementor-heading-title elementor-size-default\"><div><div><div><div><div><div><div><main><article><div><div><div data-elementor-type=\"wp-page\" data-elementor-id=\"9\" data-elementor-title=\"Strona\"><div><div><section data-id=\"0b792e4\" data-element_type=\"section\" data-model-cid=\"c72\"><div><div><div data-id=\"6bb025b\" data-element_type=\"column\" data-col=\"100\" data-model-cid=\"c73\"><div><div><div data-id=\"86db686\" data-element_type=\"widget\" data-model-cid=\"c74\" data-widget_type=\"text-editor.default\"><div><div data-elementor-setting-key=\"editor\" data-elementor-inline-editing-toolbar=\"advanced\" data-pen-placeholder=\"Pisz tutaj...\" contenteditable=\"true\"><h4><b>Nowy punkt Med-Orto sklep rehabilitacyjny Warszawa \u015ar\u00f3dmie\u015bcie.<\/b><\/h4><h4><b>Sklep rehabilitacyjny na alei solidarno\u015bci 64 ju\u017c otwarty. Zapraszamy!<\/b><\/h4><\/div><\/div><\/div><\/div><\/div><\/div><\/div><\/div><\/section><\/div><\/div><\/div><\/div><\/div><\/article><\/main><\/div><\/div><\/div><\/div><\/div><\/div><\/div><\/h2>\t\t\t\t<\/div>\n\t\t\t\t<\/div>\n\t\t\t\t\t<\/div>\n\t\t<\/div>\n\t\t\t\t\t<\/div>\n\t\t<\/section>\n\t\t\t\t<section class=\"elementor-section elementor-top-section elementor-element elementor-element-006f82c elementor-section-boxed elementor-section-height-default elementor-section-height-default\" data-id=\"006f82c\" data-element_type=\"section\">\n\t\t\t\t\t\t<div class=\"elementor-container elementor-column-gap-default\">\n\t\t\t\t\t<div class=\"elementor-column elementor-col-50 elementor-top-column elementor-element elementor-element-90f8271\" data-id=\"90f8271\" data-element_type=\"column\">\n\t\t\t<div class=\"elementor-widget-wrap elementor-element-populated\">\n\t\t\t\t\t\t<div class=\"elementor-element elementor-element-48e1ef9 elementor-widget elementor-widget-image\" data-id=\"48e1ef9\" data-element_type=\"widget\" data-widget_type=\"image.default\">\n\t\t\t\t<div class=\"elementor-widget-container\">\n\t\t\t\t\t\t\t\t\t\t\t\t\t\t\t<img decoding=\"async\" width=\"640\" height=\"480\" src=\"https:\/\/med-orto.pl\/wp-content\/uploads\/2022\/12\/sklep-ortopedyczny-solidarnosci.jpg\" class=\"attachment-large size-large wp-image-2972\" alt=\"sklep rehabilitacyjny warszawa \u015br\u00f3dmie\u015bcie solidarno\u015bci\" \/>\t\t\t\t\t\t\t\t\t\t\t\t\t\t\t<\/div>\n\t\t\t\t<\/div>\n\t\t\t\t\t<\/div>\n\t\t<\/div>\n\t\t\t\t<div class=\"elementor-column elementor-col-50 elementor-top-column elementor-element elementor-element-a7add03\" data-id=\"a7add03\" data-element_type=\"column\">\n\t\t\t<div class=\"elementor-widget-wrap elementor-element-populated\">\n\t\t\t\t\t\t<div class=\"elementor-element elementor-element-e01dcd0 elementor-widget elementor-widget-image\" data-id=\"e01dcd0\" data-element_type=\"widget\" data-widget_type=\"image.default\">\n\t\t\t\t<div class=\"elementor-widget-container\">\n\t\t\t\t\t\t\t\t\t\t\t\t\t\t\t<img loading=\"lazy\" decoding=\"async\" width=\"640\" height=\"371\" src=\"https:\/\/med-orto.pl\/wp-content\/uploads\/2022\/12\/sklep-rehabilitacyjny-solidarnosci.jpg\" class=\"attachment-large size-large wp-image-2971\" alt=\"Sklep medyczny Solidarno\u015bci warszawa\" \/>\t\t\t\t\t\t\t\t\t\t\t\t\t\t\t<\/div>\n\t\t\t\t<\/div>\n\t\t\t\t\t<\/div>\n\t\t<\/div>\n\t\t\t\t\t<\/div>\n\t\t<\/section>\n\t\t\t\t<\/div>\n\t\t","protected":false},"excerpt":{"rendered":"<p>Sklep Rehabilitacyjny Warszawa \u015ar\u00f3dmie\u015bcie Ursyn\u00f3w Sklep rehabilitacyjno medyczny Med-Orto mie\u015bci si\u0119 w Warszawie na Ursynowie tu\u017c przy samej stacji metra Stok\u0142osy a tak\u017ce od niedawana na \u015ar\u00f3dmie\u015bciu.&nbsp;Posiadamy szeroki wyb\u00f3r sprz\u0119tu rehabilitacyjnego, pomocniczego oraz ortopedycznego mi\u0119dzy innymi: Ortezy ko\u0144czyny g\u00f3rnej i dolnej, pasy na kr\u0119gos\u0142up, w\u00f3zki, balkoniki, ale r\u00f3wnie\u017c zaopatrzenie w wyroby takie jak pieluchomajtki, cewniki, stomia oraz wiele innego sprz\u0119tu.&nbsp; Posiadamy umow\u0119 z NFZ na refundacj\u0119 oferowanego zaopatrzenia. Jeste\u015bmy wykwalifikowanym personelem z wieloletnim do\u015bwiadczeniem w tej bran\u017cy. Staramy si\u0119 w mo\u017cliwie jak najlepszy spos\u00f3b pom\u00f3c, doradzi\u0107 oraz dobra\u0107 odpowiedni sprz\u0119t&hellip;<\/p>\n","protected":false},"author":1,"featured_media":0,"parent":0,"menu_order":0,"comment_status":"closed","ping_status":"closed","template":"","meta":{"footnotes":""},"class_list":["post-9","page","type-page","status-publish","hentry"],"_links":{"self":[{"href":"https:\/\/med-orto.pl\/index.php?rest_route=\/wp\/v2\/pages\/9","targetHints":{"allow":["GET"]}}],"collection":[{"href":"https:\/\/med-orto.pl\/index.php?rest_route=\/wp\/v2\/pages"}],"about":[{"href":"https:\/\/med-orto.pl\/index.php?rest_route=\/wp\/v2\/types\/page"}],"author":[{"embeddable":true,"href":"https:\/\/med-orto.pl\/index.php?rest_route=\/wp\/v2\/users\/1"}],"replies":[{"embeddable":true,"href":"https:\/\/med-orto.pl\/index.php?rest_route=%2Fwp%2Fv2%2Fcomments&post=9"}],"version-history":[{"count":232,"href":"https:\/\/med-orto.pl\/index.php?rest_route=\/wp\/v2\/pages\/9\/revisions"}],"predecessor-version":[{"id":3065,"href":"https:\/\/med-orto.pl\/index.php?rest_route=\/wp\/v2\/pages\/9\/revisions\/3065"}],"wp:attachment":[{"href":"https:\/\/med-orto.pl\/index.php?rest_route=%2Fwp%2Fv2%2Fmedia&parent=9"}],"curies":[{"name":"wp","href":"https:\/\/api.w.org\/{rel}","templated":true}]}}