{"id":3084,"date":"2025-07-30T17:48:39","date_gmt":"2025-07-30T15:48:39","guid":{"rendered":"https:\/\/med-orto.pl\/?page_id=3084"},"modified":"2025-07-30T20:56:01","modified_gmt":"2025-07-30T18:56:01","slug":"platforma-do-transferu-pacjenta-aero-move","status":"publish","type":"page","link":"https:\/\/med-orto.pl\/?page_id=3084","title":{"rendered":"Platforma do transferu pacjenta AERO MOVE"},"content":{"rendered":"\t\t<div data-elementor-type=\"wp-page\" data-elementor-id=\"3084\" class=\"elementor elementor-3084\">\n\t\t\t\t\t\t<section class=\"elementor-section elementor-top-section elementor-element elementor-element-33db48ff elementor-section-boxed elementor-section-height-default elementor-section-height-default\" data-id=\"33db48ff\" data-element_type=\"section\">\n\t\t\t\t\t\t<div class=\"elementor-container elementor-column-gap-default\">\n\t\t\t\t\t<div class=\"elementor-column elementor-col-50 elementor-top-column elementor-element elementor-element-5e80ad8\" data-id=\"5e80ad8\" data-element_type=\"column\">\n\t\t\t<div class=\"elementor-widget-wrap elementor-element-populated\">\n\t\t\t\t\t\t<div class=\"elementor-element elementor-element-e9bca2b elementor-widget elementor-widget-text-editor\" data-id=\"e9bca2b\" data-element_type=\"widget\" data-widget_type=\"text-editor.default\">\n\t\t\t\t<div class=\"elementor-widget-container\">\n\t\t\t\t\t\t\t\t\t<p><strong>Platforma do transferu pacjenta z podparciem przedramion AERO MOVE<\/strong><\/p><p>Wyj\u0105tkowa konstrukcja u\u0142atwiaj\u0105ca bezpieczne zaj\u0119cie pozycji przez pacjenta przy minimalnym wysi\u0142ku ze strony opiekuna. Podparcia przedramion u\u0142atwiaj\u0105 pacjentowi zaj\u0119cie pozycji oraz pochylenie si\u0119 do przodu, zwi\u0119kszaj\u0105c bezpiecze\u0144stwo i komfort przemieszczania. Du\u017ca, 6-ko\u0142owa podstawa gwarantuje najwy\u017csz\u0105 stabilno\u015b\u0107.<\/p><p>Platforma jest kompatybilna z naszymi Pasami Transferowymi zapewniaj\u0105cymi optymalne bezpiecze\u0144stwo pacjenta.<\/p><p>Obci\u0105\u017cenie do 130kg.<\/p>\t\t\t\t\t\t\t\t<\/div>\n\t\t\t\t<\/div>\n\t\t\t\t\t<\/div>\n\t\t<\/div>\n\t\t\t\t<div class=\"elementor-column elementor-col-50 elementor-top-column elementor-element elementor-element-36b65595\" data-id=\"36b65595\" data-element_type=\"column\">\n\t\t\t<div class=\"elementor-widget-wrap elementor-element-populated\">\n\t\t\t\t\t\t<div class=\"elementor-element elementor-element-79cbc100 elementor-widget elementor-widget-image\" data-id=\"79cbc100\" data-element_type=\"widget\" data-widget_type=\"image.default\">\n\t\t\t\t<div class=\"elementor-widget-container\">\n\t\t\t\t\t\t\t\t\t\t\t\t\t\t\t\t<a href=\"https:\/\/med-orto.pl\/wp-content\/uploads\/2025\/07\/platforma-AERO-MOVE.jpg\" data-elementor-open-lightbox=\"yes\" data-elementor-lightbox-title=\"platforma AERO MOVE\" data-elementor-lightbox-description=\"Platforma do transferu pacjenta z podparciem przedramion AERO MOVE\" data-e-action-hash=\"#elementor-action%3Aaction%3Dlightbox%26settings%3DeyJpZCI6MzA4NywidXJsIjoiaHR0cHM6XC9cL21lZC1vcnRvLnBsXC93cC1jb250ZW50XC91cGxvYWRzXC8yMDI1XC8wN1wvcGxhdGZvcm1hLUFFUk8tTU9WRS5qcGcifQ%3D%3D\">\n\t\t\t\t\t\t\t<img fetchpriority=\"high\" decoding=\"async\" width=\"233\" height=\"300\" src=\"https:\/\/med-orto.pl\/wp-content\/uploads\/2025\/07\/platforma-AERO-MOVE-233x300.jpg\" class=\"attachment-medium size-medium wp-image-3087\" alt=\"Platforma do transferu pacjenta AERO MOVE\" \/>\t\t\t\t\t\t\t\t<\/a>\n\t\t\t\t\t\t\t\t\t\t\t\t\t\t\t<\/div>\n\t\t\t\t<\/div>\n\t\t\t\t\t<\/div>\n\t\t<\/div>\n\t\t\t\t\t<\/div>\n\t\t<\/section>\n\t\t\t\t<section class=\"elementor-section elementor-top-section elementor-element elementor-element-1f226c00 elementor-section-boxed elementor-section-height-default elementor-section-height-default\" data-id=\"1f226c00\" data-element_type=\"section\">\n\t\t\t\t\t\t<div class=\"elementor-container elementor-column-gap-default\">\n\t\t\t\t\t<div class=\"elementor-column elementor-col-100 elementor-top-column elementor-element elementor-element-2d6b4230\" data-id=\"2d6b4230\" data-element_type=\"column\">\n\t\t\t<div class=\"elementor-widget-wrap elementor-element-populated\">\n\t\t\t\t\t\t<div class=\"elementor-element elementor-element-cb3b9b5 elementor-widget elementor-widget-text-editor\" data-id=\"cb3b9b5\" data-element_type=\"widget\" data-widget_type=\"text-editor.default\">\n\t\t\t\t<div class=\"elementor-widget-container\">\n\t\t\t\t\t\t\t\t\t<p><strong>Dane techniczne:<br \/><\/strong><\/p>\t\t\t\t\t\t\t\t<\/div>\n\t\t\t\t<\/div>\n\t\t\t\t\t<\/div>\n\t\t<\/div>\n\t\t\t\t\t<\/div>\n\t\t<\/section>\n\t\t\t\t<section class=\"elementor-section elementor-top-section elementor-element elementor-element-7d9d0fef elementor-section-boxed elementor-section-height-default elementor-section-height-default\" data-id=\"7d9d0fef\" data-element_type=\"section\">\n\t\t\t\t\t\t<div class=\"elementor-container elementor-column-gap-default\">\n\t\t\t\t\t<div class=\"elementor-column elementor-col-100 elementor-top-column elementor-element elementor-element-3939b6eb\" data-id=\"3939b6eb\" data-element_type=\"column\">\n\t\t\t<div class=\"elementor-widget-wrap elementor-element-populated\">\n\t\t\t\t\t\t<div class=\"elementor-element elementor-element-92a91e6 elementor-widget elementor-widget-text-editor\" data-id=\"92a91e6\" data-element_type=\"widget\" data-widget_type=\"text-editor.default\">\n\t\t\t\t<div class=\"elementor-widget-container\">\n\t\t\t\t\t\t\t\t\t<p>wymiary podstawy:\u00a0<strong>68 x 82 cm<\/strong><br \/>wysoko\u015b\u0107 uchwyt\u00f3w:\u00a0<strong>110 do 120 cm<br \/><\/strong>wysoko\u015b\u0107 podp\u00f3r kolanowych:\u00a0<strong>25 do 40 cm<br \/><\/strong>wymiary podp\u00f3r kolanowych:\u00a0<strong>23 x 17,5 cm<br \/><\/strong>szeroko\u015b\u0107 ca\u0142kowita: <strong>68 cm<br \/><\/strong>waga: <strong>18,4 kg<\/strong><\/p>\t\t\t\t\t\t\t\t<\/div>\n\t\t\t\t<\/div>\n\t\t\t\t\t<\/div>\n\t\t<\/div>\n\t\t\t\t\t<\/div>\n\t\t<\/section>\n\t\t\t\t<\/div>\n\t\t","protected":false},"excerpt":{"rendered":"<p>Platforma do transferu pacjenta z podparciem przedramion AERO MOVE Wyj\u0105tkowa konstrukcja u\u0142atwiaj\u0105ca bezpieczne zaj\u0119cie pozycji przez pacjenta przy minimalnym wysi\u0142ku ze strony opiekuna. Podparcia przedramion u\u0142atwiaj\u0105 pacjentowi zaj\u0119cie pozycji oraz pochylenie si\u0119 do przodu, zwi\u0119kszaj\u0105c bezpiecze\u0144stwo i komfort przemieszczania. Du\u017ca, 6-ko\u0142owa podstawa gwarantuje najwy\u017csz\u0105 stabilno\u015b\u0107. Platforma jest kompatybilna z naszymi Pasami Transferowymi zapewniaj\u0105cymi optymalne bezpiecze\u0144stwo pacjenta. Obci\u0105\u017cenie do 130kg. Dane techniczne: wymiary podstawy:\u00a068 x 82 cmwysoko\u015b\u0107 uchwyt\u00f3w:\u00a0110 do 120 cmwysoko\u015b\u0107 podp\u00f3r kolanowych:\u00a025 do 40 cmwymiary podp\u00f3r kolanowych:\u00a023 x 17,5 cmszeroko\u015b\u0107 ca\u0142kowita: 68 cmwaga: 18,4 kg<\/p>\n","protected":false},"author":1,"featured_media":0,"parent":0,"menu_order":0,"comment_status":"closed","ping_status":"closed","template":"","meta":{"footnotes":""},"class_list":["post-3084","page","type-page","status-publish","hentry"],"_links":{"self":[{"href":"https:\/\/med-orto.pl\/index.php?rest_route=\/wp\/v2\/pages\/3084","targetHints":{"allow":["GET"]}}],"collection":[{"href":"https:\/\/med-orto.pl\/index.php?rest_route=\/wp\/v2\/pages"}],"about":[{"href":"https:\/\/med-orto.pl\/index.php?rest_route=\/wp\/v2\/types\/page"}],"author":[{"embeddable":true,"href":"https:\/\/med-orto.pl\/index.php?rest_route=\/wp\/v2\/users\/1"}],"replies":[{"embeddable":true,"href":"https:\/\/med-orto.pl\/index.php?rest_route=%2Fwp%2Fv2%2Fcomments&post=3084"}],"version-history":[{"count":5,"href":"https:\/\/med-orto.pl\/index.php?rest_route=\/wp\/v2\/pages\/3084\/revisions"}],"predecessor-version":[{"id":3096,"href":"https:\/\/med-orto.pl\/index.php?rest_route=\/wp\/v2\/pages\/3084\/revisions\/3096"}],"wp:attachment":[{"href":"https:\/\/med-orto.pl\/index.php?rest_route=%2Fwp%2Fv2%2Fmedia&parent=3084"}],"curies":[{"name":"wp","href":"https:\/\/api.w.org\/{rel}","templated":true}]}}