{"id":2126,"date":"2020-12-14T20:12:16","date_gmt":"2020-12-14T19:12:16","guid":{"rendered":"http:\/\/med-orto.pl\/?page_id=2126"},"modified":"2020-12-14T20:31:09","modified_gmt":"2020-12-14T19:31:09","slug":"poduszka-ortopedyczna-twin-plus-blue-memory","status":"publish","type":"page","link":"https:\/\/med-orto.pl\/?page_id=2126","title":{"rendered":"Poduszka ortopedyczna TWIN PLUS Blue Memory"},"content":{"rendered":"\t\t<div data-elementor-type=\"wp-page\" data-elementor-id=\"2126\" class=\"elementor elementor-2126\">\n\t\t\t\t\t\t<section class=\"elementor-section elementor-top-section elementor-element elementor-element-440882f9 elementor-section-boxed elementor-section-height-default elementor-section-height-default\" data-id=\"440882f9\" data-element_type=\"section\">\n\t\t\t\t\t\t<div class=\"elementor-container elementor-column-gap-default\">\n\t\t\t\t\t<div class=\"elementor-column elementor-col-100 elementor-top-column elementor-element elementor-element-72439e27\" data-id=\"72439e27\" data-element_type=\"column\">\n\t\t\t<div class=\"elementor-widget-wrap elementor-element-populated\">\n\t\t\t\t\t\t<div class=\"elementor-element elementor-element-4d1c4152 elementor-widget elementor-widget-image\" data-id=\"4d1c4152\" data-element_type=\"widget\" data-widget_type=\"image.default\">\n\t\t\t\t<div class=\"elementor-widget-container\">\n\t\t\t\t\t\t\t\t\t\t\t\t\t\t\t\t<a href=\"http:\/\/med-orto.pl\/wp-content\/uploads\/2020\/12\/Poduszka-ortopedyczna-TWIN-PLUS-Blue-Memory.jpg\" data-elementor-open-lightbox=\"yes\" data-elementor-lightbox-title=\"Poduszka ortopedyczna TWIN PLUS Blue Memory\" data-e-action-hash=\"#elementor-action%3Aaction%3Dlightbox%26settings%3DeyJpZCI6MjEzNiwidXJsIjoiaHR0cHM6XC9cL21lZC1vcnRvLnBsXC93cC1jb250ZW50XC91cGxvYWRzXC8yMDIwXC8xMlwvUG9kdXN6a2Etb3J0b3BlZHljem5hLVRXSU4tUExVUy1CbHVlLU1lbW9yeS5qcGcifQ%3D%3D\">\n\t\t\t\t\t\t\t<img fetchpriority=\"high\" decoding=\"async\" width=\"300\" height=\"300\" src=\"https:\/\/med-orto.pl\/wp-content\/uploads\/2020\/12\/Poduszka-ortopedyczna-TWIN-PLUS-Blue-Memory-300x300.jpg\" class=\"attachment-medium size-medium wp-image-2136\" alt=\"Poduszka ortopedyczna TWIN PLUS Blue Memory\" \/>\t\t\t\t\t\t\t\t<\/a>\n\t\t\t\t\t\t\t\t\t\t\t\t\t\t\t<\/div>\n\t\t\t\t<\/div>\n\t\t\t\t\t<\/div>\n\t\t<\/div>\n\t\t\t\t\t<\/div>\n\t\t<\/section>\n\t\t\t\t<section class=\"elementor-section elementor-top-section elementor-element elementor-element-7f69a832 elementor-section-boxed elementor-section-height-default elementor-section-height-default\" data-id=\"7f69a832\" data-element_type=\"section\">\n\t\t\t\t\t\t<div class=\"elementor-container elementor-column-gap-default\">\n\t\t\t\t\t<div class=\"elementor-column elementor-col-100 elementor-top-column elementor-element elementor-element-1f0387bd\" data-id=\"1f0387bd\" data-element_type=\"column\">\n\t\t\t<div class=\"elementor-widget-wrap elementor-element-populated\">\n\t\t\t\t\t\t<div class=\"elementor-element elementor-element-5aa73ebd elementor-widget elementor-widget-text-editor\" data-id=\"5aa73ebd\" data-element_type=\"widget\" data-widget_type=\"text-editor.default\">\n\t\t\t\t<div class=\"elementor-widget-container\">\n\t\t\t\t\t\t\t\t\t<p>Poduszka ortopedyczna do spania dedykowana osobom \u015bpi\u0105cym&nbsp;<strong>na boku.<\/strong><br><\/p><p>Wykonana z pianki z pami\u0119ci\u0105 kszta\u0142tu, wyst\u0119puje w rozmiarach M i L, pakowana w torb\u0119 foliow\u0105.\n<\/p><p><strong>&nbsp;<\/strong><strong>Wymiary:<\/strong>\n<\/p><p>M (47 x 33 x 11\/7 cm)<\/p>\n<p>L (47 x 33 x 13\/8 cm)<\/p>\n<p><strong>Rozmiar:<\/strong>&nbsp;M \/ L<\/p>\n<p><strong>Pozycje snu:<\/strong>&nbsp;bok<\/p>\t\t\t\t\t\t\t\t<\/div>\n\t\t\t\t<\/div>\n\t\t\t\t\t<\/div>\n\t\t<\/div>\n\t\t\t\t\t<\/div>\n\t\t<\/section>\n\t\t\t\t<section class=\"elementor-section elementor-top-section elementor-element elementor-element-7b2bee98 elementor-section-boxed elementor-section-height-default elementor-section-height-default\" data-id=\"7b2bee98\" data-element_type=\"section\">\n\t\t\t\t\t\t<div class=\"elementor-container elementor-column-gap-default\">\n\t\t\t\t\t<div class=\"elementor-column elementor-col-100 elementor-top-column elementor-element elementor-element-30f368e3\" data-id=\"30f368e3\" data-element_type=\"column\">\n\t\t\t<div class=\"elementor-widget-wrap elementor-element-populated\">\n\t\t\t\t\t\t<div class=\"elementor-element elementor-element-2d139784 elementor-widget elementor-widget-spacer\" data-id=\"2d139784\" data-element_type=\"widget\" data-widget_type=\"spacer.default\">\n\t\t\t\t<div class=\"elementor-widget-container\">\n\t\t\t\t\t\t\t<div class=\"elementor-spacer\">\n\t\t\t<div class=\"elementor-spacer-inner\"><\/div>\n\t\t<\/div>\n\t\t\t\t\t\t<\/div>\n\t\t\t\t<\/div>\n\t\t\t\t\t<\/div>\n\t\t<\/div>\n\t\t\t\t\t<\/div>\n\t\t<\/section>\n\t\t\t\t<\/div>\n\t\t","protected":false},"excerpt":{"rendered":"<p>Poduszka ortopedyczna do spania dedykowana osobom \u015bpi\u0105cym&nbsp;na boku. Wykonana z pianki z pami\u0119ci\u0105 kszta\u0142tu, wyst\u0119puje w rozmiarach M i L, pakowana w torb\u0119 foliow\u0105. &nbsp;Wymiary: M (47 x 33 x 11\/7 cm) L (47 x 33 x 13\/8 cm) Rozmiar:&nbsp;M \/ L Pozycje snu:&nbsp;bok<\/p>\n","protected":false},"author":1,"featured_media":0,"parent":99,"menu_order":0,"comment_status":"closed","ping_status":"closed","template":"","meta":{"footnotes":""},"class_list":["post-2126","page","type-page","status-publish","hentry"],"_links":{"self":[{"href":"https:\/\/med-orto.pl\/index.php?rest_route=\/wp\/v2\/pages\/2126","targetHints":{"allow":["GET"]}}],"collection":[{"href":"https:\/\/med-orto.pl\/index.php?rest_route=\/wp\/v2\/pages"}],"about":[{"href":"https:\/\/med-orto.pl\/index.php?rest_route=\/wp\/v2\/types\/page"}],"author":[{"embeddable":true,"href":"https:\/\/med-orto.pl\/index.php?rest_route=\/wp\/v2\/users\/1"}],"replies":[{"embeddable":true,"href":"https:\/\/med-orto.pl\/index.php?rest_route=%2Fwp%2Fv2%2Fcomments&post=2126"}],"version-history":[{"count":4,"href":"https:\/\/med-orto.pl\/index.php?rest_route=\/wp\/v2\/pages\/2126\/revisions"}],"predecessor-version":[{"id":2151,"href":"https:\/\/med-orto.pl\/index.php?rest_route=\/wp\/v2\/pages\/2126\/revisions\/2151"}],"up":[{"embeddable":true,"href":"https:\/\/med-orto.pl\/index.php?rest_route=\/wp\/v2\/pages\/99"}],"wp:attachment":[{"href":"https:\/\/med-orto.pl\/index.php?rest_route=%2Fwp%2Fv2%2Fmedia&parent=2126"}],"curies":[{"name":"wp","href":"https:\/\/api.w.org\/{rel}","templated":true}]}}