{"id":2124,"date":"2020-12-14T20:11:13","date_gmt":"2020-12-14T19:11:13","guid":{"rendered":"http:\/\/med-orto.pl\/?page_id=2124"},"modified":"2020-12-14T20:29:18","modified_gmt":"2020-12-14T19:29:18","slug":"poduszka-ortopedyczna-nuvo-blue-memory","status":"publish","type":"page","link":"https:\/\/med-orto.pl\/?page_id=2124","title":{"rendered":"Poduszka ortopedyczna NUVO Blue Memory"},"content":{"rendered":"\t\t<div data-elementor-type=\"wp-page\" data-elementor-id=\"2124\" class=\"elementor elementor-2124\">\n\t\t\t\t\t\t<section class=\"elementor-section elementor-top-section elementor-element elementor-element-4969cdcb elementor-section-boxed elementor-section-height-default elementor-section-height-default\" data-id=\"4969cdcb\" data-element_type=\"section\">\n\t\t\t\t\t\t<div class=\"elementor-container elementor-column-gap-default\">\n\t\t\t\t\t<div class=\"elementor-column elementor-col-100 elementor-top-column elementor-element elementor-element-657cfbf1\" data-id=\"657cfbf1\" data-element_type=\"column\">\n\t\t\t<div class=\"elementor-widget-wrap elementor-element-populated\">\n\t\t\t\t\t\t<div class=\"elementor-element elementor-element-7ce7ffed elementor-widget elementor-widget-image\" data-id=\"7ce7ffed\" data-element_type=\"widget\" data-widget_type=\"image.default\">\n\t\t\t\t<div class=\"elementor-widget-container\">\n\t\t\t\t\t\t\t\t\t\t\t\t\t\t\t\t<a href=\"http:\/\/med-orto.pl\/wp-content\/uploads\/2020\/12\/Poduszka-ortopedyczna-NUVO-Blue-Memory.jpg\" data-elementor-open-lightbox=\"yes\" data-elementor-lightbox-title=\"Poduszka ortopedyczna NUVO Blue Memory\" data-e-action-hash=\"#elementor-action%3Aaction%3Dlightbox%26settings%3DeyJpZCI6MjEzNSwidXJsIjoiaHR0cHM6XC9cL21lZC1vcnRvLnBsXC93cC1jb250ZW50XC91cGxvYWRzXC8yMDIwXC8xMlwvUG9kdXN6a2Etb3J0b3BlZHljem5hLU5VVk8tQmx1ZS1NZW1vcnkuanBnIn0%3D\">\n\t\t\t\t\t\t\t<img fetchpriority=\"high\" decoding=\"async\" width=\"640\" height=\"421\" src=\"https:\/\/med-orto.pl\/wp-content\/uploads\/2020\/12\/Poduszka-ortopedyczna-NUVO-Blue-Memory-768x505.jpg\" class=\"attachment-medium_large size-medium_large wp-image-2135\" alt=\"\" \/>\t\t\t\t\t\t\t\t<\/a>\n\t\t\t\t\t\t\t\t\t\t\t\t\t\t\t<\/div>\n\t\t\t\t<\/div>\n\t\t\t\t\t<\/div>\n\t\t<\/div>\n\t\t\t\t\t<\/div>\n\t\t<\/section>\n\t\t\t\t<section class=\"elementor-section elementor-top-section elementor-element elementor-element-3c83623d elementor-section-boxed elementor-section-height-default elementor-section-height-default\" data-id=\"3c83623d\" data-element_type=\"section\">\n\t\t\t\t\t\t<div class=\"elementor-container elementor-column-gap-default\">\n\t\t\t\t\t<div class=\"elementor-column elementor-col-100 elementor-top-column elementor-element elementor-element-78145281\" data-id=\"78145281\" data-element_type=\"column\">\n\t\t\t<div class=\"elementor-widget-wrap elementor-element-populated\">\n\t\t\t\t\t\t<div class=\"elementor-element elementor-element-ad7e0e9 elementor-widget elementor-widget-text-editor\" data-id=\"ad7e0e9\" data-element_type=\"widget\" data-widget_type=\"text-editor.default\">\n\t\t\t\t<div class=\"elementor-widget-container\">\n\t\t\t\t\t\t\t\t\t<p>Poduszka ortopedyczna dedykowana osobom \u015bpi\u0105cym\u00a0<strong>na boku i plecach, z przewag\u0105 pozycji na boku<\/strong>.<\/p><p>Wykonana jest z pianki z pami\u0119ci\u0105 kszta\u0142tu, wyst\u0119puje w rozmiarach M i L, pakowana w torb\u0119 foliow\u0105.<\/p><p>Poszewka z najnowszym wzorem oraz delikatnym i mocnym materiale Beakert Deslee.<\/p><p><strong>Wymiary:<\/strong><\/p><ul><li>M (53 x 32 x 11\/8 cm)<\/li><li>L (53 x 32 x 13\/9,5 cm)<\/li><\/ul><p><strong>Rozmiar:<\/strong>\u00a0M \/ L<\/p><p><strong>Pozycje snu:\u00a0<\/strong>bok, plecy<\/p>\t\t\t\t\t\t\t\t<\/div>\n\t\t\t\t<\/div>\n\t\t\t\t\t<\/div>\n\t\t<\/div>\n\t\t\t\t\t<\/div>\n\t\t<\/section>\n\t\t\t\t<section class=\"elementor-section elementor-top-section elementor-element elementor-element-2c36c811 elementor-section-boxed elementor-section-height-default elementor-section-height-default\" data-id=\"2c36c811\" data-element_type=\"section\">\n\t\t\t\t\t\t<div class=\"elementor-container elementor-column-gap-default\">\n\t\t\t\t\t<div class=\"elementor-column elementor-col-100 elementor-top-column elementor-element elementor-element-1945b22e\" data-id=\"1945b22e\" data-element_type=\"column\">\n\t\t\t<div class=\"elementor-widget-wrap elementor-element-populated\">\n\t\t\t\t\t\t<div class=\"elementor-element elementor-element-243315fc elementor-widget elementor-widget-spacer\" data-id=\"243315fc\" data-element_type=\"widget\" data-widget_type=\"spacer.default\">\n\t\t\t\t<div class=\"elementor-widget-container\">\n\t\t\t\t\t\t\t<div class=\"elementor-spacer\">\n\t\t\t<div class=\"elementor-spacer-inner\"><\/div>\n\t\t<\/div>\n\t\t\t\t\t\t<\/div>\n\t\t\t\t<\/div>\n\t\t\t\t\t<\/div>\n\t\t<\/div>\n\t\t\t\t\t<\/div>\n\t\t<\/section>\n\t\t\t\t<\/div>\n\t\t","protected":false},"excerpt":{"rendered":"<p>Poduszka ortopedyczna dedykowana osobom \u015bpi\u0105cym\u00a0na boku i plecach, z przewag\u0105 pozycji na boku. Wykonana jest z pianki z pami\u0119ci\u0105 kszta\u0142tu, wyst\u0119puje w rozmiarach M i L, pakowana w torb\u0119 foliow\u0105. Poszewka z najnowszym wzorem oraz delikatnym i mocnym materiale Beakert Deslee. Wymiary: M (53 x 32 x 11\/8 cm) L (53 x 32 x 13\/9,5 cm) Rozmiar:\u00a0M \/ L Pozycje snu:\u00a0bok, plecy<\/p>\n","protected":false},"author":1,"featured_media":0,"parent":99,"menu_order":0,"comment_status":"closed","ping_status":"closed","template":"","meta":{"footnotes":""},"class_list":["post-2124","page","type-page","status-publish","hentry"],"_links":{"self":[{"href":"https:\/\/med-orto.pl\/index.php?rest_route=\/wp\/v2\/pages\/2124","targetHints":{"allow":["GET"]}}],"collection":[{"href":"https:\/\/med-orto.pl\/index.php?rest_route=\/wp\/v2\/pages"}],"about":[{"href":"https:\/\/med-orto.pl\/index.php?rest_route=\/wp\/v2\/types\/page"}],"author":[{"embeddable":true,"href":"https:\/\/med-orto.pl\/index.php?rest_route=\/wp\/v2\/users\/1"}],"replies":[{"embeddable":true,"href":"https:\/\/med-orto.pl\/index.php?rest_route=%2Fwp%2Fv2%2Fcomments&post=2124"}],"version-history":[{"count":4,"href":"https:\/\/med-orto.pl\/index.php?rest_route=\/wp\/v2\/pages\/2124\/revisions"}],"predecessor-version":[{"id":2148,"href":"https:\/\/med-orto.pl\/index.php?rest_route=\/wp\/v2\/pages\/2124\/revisions\/2148"}],"up":[{"embeddable":true,"href":"https:\/\/med-orto.pl\/index.php?rest_route=\/wp\/v2\/pages\/99"}],"wp:attachment":[{"href":"https:\/\/med-orto.pl\/index.php?rest_route=%2Fwp%2Fv2%2Fmedia&parent=2124"}],"curies":[{"name":"wp","href":"https:\/\/api.w.org\/{rel}","templated":true}]}}