{"id":1090,"date":"2020-06-28T15:36:21","date_gmt":"2020-06-28T13:36:21","guid":{"rendered":"http:\/\/med-orto.pl\/?page_id=1090"},"modified":"2020-06-28T17:05:17","modified_gmt":"2020-06-28T15:05:17","slug":"pachwinowy-pas-brzuszny-jednostronny-pt0107","status":"publish","type":"page","link":"https:\/\/med-orto.pl\/?page_id=1090","title":{"rendered":"Pachwinowy pas brzuszny jednostronny pt0107"},"content":{"rendered":"\t\t<div data-elementor-type=\"wp-page\" data-elementor-id=\"1090\" class=\"elementor elementor-1090\">\n\t\t\t\t\t\t<section class=\"elementor-section elementor-top-section elementor-element elementor-element-487a04f4 elementor-section-boxed elementor-section-height-default elementor-section-height-default\" data-id=\"487a04f4\" data-element_type=\"section\">\n\t\t\t\t\t\t<div class=\"elementor-container elementor-column-gap-default\">\n\t\t\t\t\t<div class=\"elementor-column elementor-col-100 elementor-top-column elementor-element elementor-element-656b9cfa\" data-id=\"656b9cfa\" data-element_type=\"column\">\n\t\t\t<div class=\"elementor-widget-wrap elementor-element-populated\">\n\t\t\t\t\t\t<div class=\"elementor-element elementor-element-cd7b5b9 elementor-widget elementor-widget-image\" data-id=\"cd7b5b9\" data-element_type=\"widget\" data-widget_type=\"image.default\">\n\t\t\t\t<div class=\"elementor-widget-container\">\n\t\t\t\t\t\t\t\t\t\t\t\t\t\t\t\t<a href=\"http:\/\/med-orto.pl\/wp-content\/uploads\/2020\/06\/Pachwinowy-pas-brzuszny-jednostronny-pt0107.jpg\" data-elementor-open-lightbox=\"yes\" data-elementor-lightbox-title=\"Pachwinowy pas brzuszny jednostronny pt0107\" data-e-action-hash=\"#elementor-action%3Aaction%3Dlightbox%26settings%3DeyJpZCI6MTExNiwidXJsIjoiaHR0cHM6XC9cL21lZC1vcnRvLnBsXC93cC1jb250ZW50XC91cGxvYWRzXC8yMDIwXC8wNlwvUGFjaHdpbm93eS1wYXMtYnJ6dXN6bnktamVkbm9zdHJvbm55LXB0MDEwNy5qcGcifQ%3D%3D\">\n\t\t\t\t\t\t\t<img fetchpriority=\"high\" decoding=\"async\" width=\"200\" height=\"300\" src=\"https:\/\/med-orto.pl\/wp-content\/uploads\/2020\/06\/Pachwinowy-pas-brzuszny-jednostronny-pt0107-200x300.jpg\" class=\"attachment-medium size-medium wp-image-1116\" alt=\"Pachwinowy pas brzuszny jednostronny pt0107\" \/>\t\t\t\t\t\t\t\t<\/a>\n\t\t\t\t\t\t\t\t\t\t\t\t\t\t\t<\/div>\n\t\t\t\t<\/div>\n\t\t\t\t\t<\/div>\n\t\t<\/div>\n\t\t\t\t\t<\/div>\n\t\t<\/section>\n\t\t\t\t<section class=\"elementor-section elementor-top-section elementor-element elementor-element-4f48badf elementor-section-boxed elementor-section-height-default elementor-section-height-default\" data-id=\"4f48badf\" data-element_type=\"section\">\n\t\t\t\t\t\t<div class=\"elementor-container elementor-column-gap-default\">\n\t\t\t\t\t<div class=\"elementor-column elementor-col-100 elementor-top-column elementor-element elementor-element-7c02e005\" data-id=\"7c02e005\" data-element_type=\"column\">\n\t\t\t<div class=\"elementor-widget-wrap elementor-element-populated\">\n\t\t\t\t\t\t<div class=\"elementor-element elementor-element-692e63da elementor-widget elementor-widget-text-editor\" data-id=\"692e63da\" data-element_type=\"widget\" data-widget_type=\"text-editor.default\">\n\t\t\t\t<div class=\"elementor-widget-container\">\n\t\t\t\t\t\t\t\t\t<p>&#8211; w przypadku przepuklin pachwinowych prawostronnych lub lewostronnych<\/p><p>&#8211; jako zabezpieczenie pachwin po operacjach rozleg\u0142ych przepuklin pachwinowych<\/p><p>&#8211; doskonale podtrzymuje niewielkie przepukliny pachwinowe u pacjent\u00f3w, kt\u00f3rych nie mo\u017cna operowa\u0107<\/p><p>&#8211; pas przeznaczony jest dla kobiet i m\u0119\u017cczyzn<\/p><p>\u00a0<\/p><p><strong>PRZECIWWSKAZANIA:<\/strong><\/p><p>&#8211; nie stosowa\u0107 w przypadku przepukliny nieodprowadzalnej<\/p><p>\u00a0<\/p><p><strong>Tabela rozmiar\u00f3w<\/strong><\/p><table><tbody><tr><td width=\"151\"><p>ROZMIAR<\/p><\/td><td width=\"75\"><p>S<\/p><\/td><td width=\"75\"><p>M<\/p><\/td><td width=\"75\"><p>L<\/p><\/td><td width=\"75\"><p>XL<\/p><\/td><td width=\"75\"><p>XXL<\/p><\/td><td width=\"75\"><p>XXXL<\/p><\/td><\/tr><tr><td width=\"151\"><p>Obw\u00f3d bioder [cm]<\/td><td width=\"75\"><p>85 \u2013 95<\/p><\/td><td width=\"75\"><p>96 \u2013 105<\/p><\/td><td width=\"75\"><p>106 \u2013 115<\/p><\/td><td width=\"75\"><p>116 \u2013 125<\/p><\/td><td width=\"75\"><p>126 \u2013 135<\/p><\/td><td width=\"75\"><p>136 \u2013 145<\/p><\/td><\/tr><\/tbody><\/table>\t\t\t\t\t\t\t\t<\/div>\n\t\t\t\t<\/div>\n\t\t\t\t\t<\/div>\n\t\t<\/div>\n\t\t\t\t\t<\/div>\n\t\t<\/section>\n\t\t\t\t<section class=\"elementor-section elementor-top-section elementor-element elementor-element-5311be4b elementor-section-boxed elementor-section-height-default elementor-section-height-default\" data-id=\"5311be4b\" data-element_type=\"section\">\n\t\t\t\t\t\t<div class=\"elementor-container elementor-column-gap-default\">\n\t\t\t\t\t<div class=\"elementor-column elementor-col-100 elementor-top-column elementor-element elementor-element-690581de\" data-id=\"690581de\" data-element_type=\"column\">\n\t\t\t<div class=\"elementor-widget-wrap elementor-element-populated\">\n\t\t\t\t\t\t<div class=\"elementor-element elementor-element-5394cd47 elementor-widget elementor-widget-spacer\" data-id=\"5394cd47\" data-element_type=\"widget\" data-widget_type=\"spacer.default\">\n\t\t\t\t<div class=\"elementor-widget-container\">\n\t\t\t\t\t\t\t<div class=\"elementor-spacer\">\n\t\t\t<div class=\"elementor-spacer-inner\"><\/div>\n\t\t<\/div>\n\t\t\t\t\t\t<\/div>\n\t\t\t\t<\/div>\n\t\t\t\t\t<\/div>\n\t\t<\/div>\n\t\t\t\t\t<\/div>\n\t\t<\/section>\n\t\t\t\t<section class=\"elementor-section elementor-top-section elementor-element elementor-element-2190ebab elementor-section-boxed elementor-section-height-default elementor-section-height-default\" data-id=\"2190ebab\" data-element_type=\"section\">\n\t\t\t\t\t\t<div class=\"elementor-container elementor-column-gap-default\">\n\t\t\t\t\t<div class=\"elementor-column elementor-col-100 elementor-top-column elementor-element elementor-element-22b9d8a8\" data-id=\"22b9d8a8\" data-element_type=\"column\">\n\t\t\t<div class=\"elementor-widget-wrap elementor-element-populated\">\n\t\t\t\t\t\t\t<\/div>\n\t\t<\/div>\n\t\t\t\t\t<\/div>\n\t\t<\/section>\n\t\t\t\t<\/div>\n\t\t","protected":false},"excerpt":{"rendered":"<p>&#8211; w przypadku przepuklin pachwinowych prawostronnych lub lewostronnych &#8211; jako zabezpieczenie pachwin po operacjach rozleg\u0142ych przepuklin pachwinowych &#8211; doskonale podtrzymuje niewielkie przepukliny pachwinowe u pacjent\u00f3w, kt\u00f3rych nie mo\u017cna operowa\u0107 &#8211; pas przeznaczony jest dla kobiet i m\u0119\u017cczyzn \u00a0 PRZECIWWSKAZANIA: &#8211; nie stosowa\u0107 w przypadku przepukliny nieodprowadzalnej \u00a0 Tabela rozmiar\u00f3w ROZMIAR S M L XL XXL XXXL Obw\u00f3d bioder [cm] 85 \u2013 95 96 \u2013 105 106 \u2013 115 116 \u2013 125 126 \u2013 135 136 \u2013 145<\/p>\n","protected":false},"author":1,"featured_media":0,"parent":57,"menu_order":0,"comment_status":"closed","ping_status":"closed","template":"","meta":{"footnotes":""},"class_list":["post-1090","page","type-page","status-publish","hentry"],"_links":{"self":[{"href":"https:\/\/med-orto.pl\/index.php?rest_route=\/wp\/v2\/pages\/1090","targetHints":{"allow":["GET"]}}],"collection":[{"href":"https:\/\/med-orto.pl\/index.php?rest_route=\/wp\/v2\/pages"}],"about":[{"href":"https:\/\/med-orto.pl\/index.php?rest_route=\/wp\/v2\/types\/page"}],"author":[{"embeddable":true,"href":"https:\/\/med-orto.pl\/index.php?rest_route=\/wp\/v2\/users\/1"}],"replies":[{"embeddable":true,"href":"https:\/\/med-orto.pl\/index.php?rest_route=%2Fwp%2Fv2%2Fcomments&post=1090"}],"version-history":[{"count":2,"href":"https:\/\/med-orto.pl\/index.php?rest_route=\/wp\/v2\/pages\/1090\/revisions"}],"predecessor-version":[{"id":1162,"href":"https:\/\/med-orto.pl\/index.php?rest_route=\/wp\/v2\/pages\/1090\/revisions\/1162"}],"up":[{"embeddable":true,"href":"https:\/\/med-orto.pl\/index.php?rest_route=\/wp\/v2\/pages\/57"}],"wp:attachment":[{"href":"https:\/\/med-orto.pl\/index.php?rest_route=%2Fwp%2Fv2%2Fmedia&parent=1090"}],"curies":[{"name":"wp","href":"https:\/\/api.w.org\/{rel}","templated":true}]}}